lse
Is 901941 a prime number?
False
Is 11293895 a composite number?
True
Is 22850819 composite?
True
Is 34166137 a composite number?
False
Is 314570239 prime?
False
Is 60103046 composite?
True
Is 131490091 composite?
True
Is 365427109 a composite number?
True
Is 45341267 a prime number?
True
Is 4004423 a prime number?
False
Is 23958413 composite?
False
Is 287635 composite?
True
Is 40137367 a prime number?
False
Is 185832821 a prime number?
False
Is 4276031 composite?
False
Is 506963 a composite number?
False
Is 208961663 a composite number?
False
Is 209130694 prime?
False
Is 9566789 composite?
False
Is 2715341 prime?
False
Is 22804141 a composite number?
False
Is 13621013 a composite number?
True
Is 3283199 composite?
False
Is 59607913 composite?
False
Is 27876799 composite?
True
Is 37689913 composite?
False
Is 9215879 a prime number?
True
Is 37784519 a prime number?
True
Is 23274287 composite?
True
Is 165303977 a composite number?
True
Is 208868021 composite?
True
Is 942103 a composite number?
True
Is 335663 a prime number?
True
Is 65721379 composite?
False
Is 3547877 prime?
False
Is 29791841 composite?
False
Is 32340493 composite?
False
Is 2445323 a composite number?
True
Is 61865603 a composite number?
True
Is 23650537 a composite number?
True
Is 172553011 a composite number?
False
Is 33064781 a prime number?
True
Is 1791113 a prime number?
True
Is 407694821 composite?
False
Is 104531321 composite?
True
Is 62348029 a composite number?
True
Is 243829165 a prime number?
False
Is 19729058 composite?
True
Is 80806523 a prime number?
False
Is 7902959 a composite number?
False
Is 34400519 composite?
False
Is 21860303 prime?
False
Is 426773033 a composite number?
False
Is 13150327 prime?
True
Is 4114063 a composite number?
True
Is 492377 composite?
False
Is 366797 a prime number?
False
Is 97693534 a prime number?
False
Is 5448055 composite?
True
Is 27727207 composite?
False
Is 68192977 composite?
False
Is 2389262 a prime number?
False
Is 3826373 composite?
False
Is 7969306 composite?
True
Is 23108411 prime?
True
Is 309783697 composite?
False
Is 994121 a prime number?
False
Is 63581033 a composite number?
True
Is 65627407 prime?
True
Is 250643 a prime number?
True
Is 24699865 prime?
False
Is 24683111 a prime number?
False
Is 610967657 prime?
True
Is 100266137 a prime number?
False
Is 51477991 composite?
True
Is 1185686 prime?
False
Is 4980347 a prime number?
True
Is 217002647 a prime number?
False
Is 86110853 a prime number?
False
Is 4666133 prime?
False
Is 243220051 a prime number?
False
Is 1055911 a composite number?
False
Is 11159 a composite number?
False
Is 21266029 a composite number?
False
Is 4182106 prime?
False
Is 1318441 a prime number?
True
Is 3010405 a prime number?
False
Is 128106287 a prime number?
False
Is 14530219 composite?
True
Is 10175827 a composite number?
False
Is 249191 a composite number?
True
Is 5870177 a prime number?
False
Is 11018027 prime?
True
Is 71081867 prime?
True
Is 91069379 composite?
False
Is 28749437 composite?
True
Is 20800249 a composite number?
True
Is 603619 composite?
True
Is 54010493 a prime number?
False
Is 33663619 a composite number?
True
Is 72414437 a prime number?
True
Is 6525643 prime?
True
Is 24961099 prime?
True
Is 4364387 composite?
True
Is 4456033 prime?
False
Is 624816641 a composite number?
False
Is 1121221 a composite number?
False
Is 1936153 a composite number?
False
Is 131085767 composite?
True
Is 168175009 a prime number?
True
Is 28204249 composite?
True
Is 5079811 prime?
False
Is 186887353 prime?
False
Is 44015005 composite?
True
Is 455526913 a composite number?
False
Is 18900487 prime?
True
Is 210991 a prime number?
False
Is 5708779 prime?
True
Is 16581605 a composite number?
True
Is 1611689 composite?
False
Is 657157 prime?
False
Is 2198059 a composite number?
True
Is 11564129 prime?
True
Is 177324253 a composite number?
False
Is 658418633 composite?
True
Is 11151241 composite?
False
Is 760039361 a composite number?
False
Is 63608221 composite?
False
Is 1657723 a prime number?
False
Is 2284207 composite?
False
Is 6988337 prime?
False
Is 49904311 composite?
False
Is 14113783 a composite number?
False
Is 1111049 a prime number?
True
Is 160486653 composite?
True
Is 1644061 a prime number?
True
Is 1948839 composite?
True
Is 10013909 a composite number?
False
Is 230605049 composite?
False
Is 4266991 a prime number?
True
Is 1647843 composite?
True
Is 959533 prime?
True
Is 61778191 a composite number?
True
Is 215643539 prime?
True
Is 6790631 composite?
False
Is 2314331 prime?
False
Is 1716305 prime?
False
Is 1534051 a prime number?
True
Is 4141273 composite?
False
Is 2371895 composite?
True
Is 1996499 composite?
True
Is 8047411 a composite number?
True
Is 2112751 a composite number?
False
Is 14992193 prime?
False
Is 13701929 prime?
False
Is 5385687 prime?
False
Is 984431639 a composite number?
True
Is 25297619 a prime number?
True
Is 21172127 composite?
True
Is 6655723 composite?
False
Is 1020161 a composite number?
True
Is 3050693 a prime number?
True
Is 77865419 a composite number?
True
Is 180787 prime?
False
Is 12634693 a composite number?
False
Is 94174 prime?
False
Is 20578567 composite?
False
Is 202133897 a composite number?
True
Is 6375751 a prime number?
True
Is 5531 composite?
False
Is 16995739 composite?
False
Is 1723901 prime?
False
Is 47578589 a prime number?
False
Is 29626411 a composite number?
False
Is 71867897 prime?
True
Is 16023091 a composite number?
True
Is 24279701 a composite number?
True
Is 1019297 a composite number?
False
Is 66198437 a composite number?
False
Is 130121 prime?
True
Is 530479 composite?
True
Is 971111 composite?
False
Is 266440498 a composite number?
True
Is 2848943 composite?
True
Is 266543241 a composite number?
True
Is 9797143 a prime number?
True
Is 11576611 prime?
True
Is 206867 composite?
True
Is 3570713 a composite number?
False
Is 6439711 a composite number?
True
Is 4076067 prime?
False
Is 1374173 prime?
True
Is 3091873 composite?
False
Is 1580511 a prime number?
False
Is 1601021 a prime number?
False
Is 19725599 prime?
True
Is 173293607 composite?
True
Is 647783 a prime number?
True
Is 17454661 prime?
False
Is 67255607 a composite number?
False
Is 2694863 a prime number?
True
Is 77262895 a composite number?
True
Is 2019907 a composite number?
False
Is 3454667 composite?
False
Is 104723063 a composite number?
False
Is 128190851 a prime number?
False
Is 930973 a composite number?
False
Is 63583547 composite?
True
Is 15005359 prime?
False
Is 7723347 a composite number?
True
Is 15732074 prime?
False
Is 48848959 prime?
True
Is 263940437 composite?
False
Is 117018029 a prime number?
True
Is 312838681 a composite number?
True
Is 354948679 a composite number?
False
Is 3082441 prime?
True
Is 125592211 prime?
False
Is 329300005 a composite number?
True
Is 23598833 a composite number?
True
Is 152813554 composite?
True
Is 1780271 prime?
True
Is 2691233 composite?
False
Is 17018611 a prime number?
True
Is 9807289 composite?
True
Is 214043 a composite number?
False
Is 63148699 a composite number?
True
Is 86653621 composite?
True
Is 15035081 composite?
False
Is 32518601 a composite number?
False
Is 12240805 composite?
True
Is 125551 prime?
True
Is 79700717 composite?
True
Is 5042185 prime?
False
Is 4279741 a prime number?
True
Is 627377 prime?
True
Is 2370581 composite?
False
Is 1489451 a prime number?
True
Is 79160405 prime?
False
Is 29355783 a composite number?
True
Is 44594339 a composite number?
False
Is 2541401 prime?
True
Is 65241259 a composite number?
False
Is 20562695 prime?
False
Is 38670961 a composite number?
True
Is 40422283 composite?
True
Is 74148749 prime?
False
Is 4708598 a prime number?
False
Is 159568217 a prime number?
True
Is 59915783 composite?
False
Is 120830323 a composite number?
True
Is 9584482 a prime number?
False
Is 143635519 a composite number?
False
Is 50491547 a prime number?
False
Is 382861133 composite?
False
Is 435892039 a composite number?
True
Is 34327477 a composite number?
True
Is 935377 prime?
True
Is 25567771 a prime number?
False
Is 2339861 prime?
True
Is 2079849 a prime number?
False
Is 47371967 prime?
False
Is 728881 a prime number?
True
Is 7805753 a composite number?
True
Is 79003187 a composite number?
True
Is 